1/3 is divided by ((-17)/(-68))/(31/(-124)) - (-1 + -15)?
5
Let u = 126 - 54. Suppose 2*n + 5*m = u, 2*m = -n - m + 37. Let y = n - -2. Calculate the remainder when y is divided by 17.
16
Let j = 37241 + -37214. Suppose 3*h - 8 = -2. Calculate the remainder when j is divided by h.
1
Suppose -426 = -7*f + 8*f. Let x = f - -451. Calculate the remainder when 95 is divided by x.
20
Let f(z) = -84*z + 160. Let u be f(-11). Suppose -u = -7*q - 251. What is the remainder when q is divided by 42?
35
Let m(w) = 17*w**2 - w - 4. Let d be m(2). Let n = d + -60. Suppose -p - 59 = -n*p. What is the remainder when p is divided by 21?
17
Suppose -18*x + 5788 = -5222 + 3234. What is the remainder when x is divided by 51?
24
Let f be (1 + -4)/((-4)/20). Let p be (-4 + f)*(-14 - 1). Let s = -88 - p. What is the remainder when s is divided by 20?
17
Let m(l) = -l**3 + 21*l**2 - l. Let w be m(21). Let t be 600/28 - (-9)/w. Let u = -9 + t. What is the remainder when 21 is divided by u?
9
Let p(v) = 158 + 157 + 7*v**2 + 62*v - 306. Let s = 177 + -91. Calculate the remainder when s is divided by p(-9).
14
Suppose -53*n = -33*n - 2060. Calculate the remainder when 4013 is divided by n.
99
Let v = -46 - -44. Let d = v - -3. Suppose c - 4 + 3 = 0. Calculate the remainder when d is divided by c.
0
Suppose 0 = -5*o + 3*d - 9, 2*d = -o - 2*o + 6. Suppose 0 = 55*a + 64*a + 380 - 1689. Let m = o + a. Calculate the remainder when 87 is divided by m.
10
Let z(t) = -425*t + 2212. Calculate the remainder when 908 is divided by z(5).
38
Let u(f) = f**2 + 6*f + 8. Let d be u(-4). Let n = 128 - 126. Suppose -n*g + 25 = -r, g + 6*r - 2*r + 10 = d. What is the remainder when 29 is divided by g?
9
Let q = -1285 + 1297. Calculate the remainder when 4552 is divided by q.
4
Let x(q) = q**3 - 12*q**2 - 98*q - 169. What is the remainder when 148 is divided by x(18)?
5
Let g(m) = m**3 + 38*m**2 - 33*m - 890. What is the remainder when g(-38) is divided by 61?
59
Suppose -2*k = -4*g + 22, -5*g - 2*k + 35 = -6*k. Let b = -57 + 79. What is the remainder when -4*(g - 37/2) is divided by b?
18
Let h = -2647 - -2686. Calculate the remainder when h is divided by 6.
3
What is the remainder when 411 is divided by 30/4*(4/18 + (-4600)/(-1035))?
26
Suppose 361 + 551 = 8*p. What is the remainder when 3076 is divided by p?
112
Let y(v) = 3*v**2 - 41*v + 10. Let c be y(13). Let o be -7*(c/(-14))/4. What is the remainder when (-68)/(-8) + (-1)/o is divided by 6?
3
Suppose 38*n - 1014 = 3698. What is the remainder when n is divided by 18?
16
Let k = -15743 + 15763. Calculate the remainder when 4712 is divided by k.
12
Suppose 93*i - 94*i + 4607 = 5*b, 5*i + 2*b - 23150 = 0. What is the remainder when i is divided by 122?
118
Let n = -755 - -1257. Let f = 163 + -145. Calculate the remainder when n is divided by f.
16
Let a = -5 - -11. Calculate the remainder when 4*((-1422)/(-72) + -16) is divided by a.
3
Suppose -15*j = -12*j + 1779. Let o = 602 + j. Let s(u) = -2*u - 5. What is the remainder when o is divided by s(-5)?
4
Let p be (36/(-3))/4*4/(-6). Suppose 0 = s - 2*q - 2*q + 70, 3*q - 120 = p*s. Calculate the remainder when s*(2 + -3) + 3 is divided by 15.
12
Suppose 8976 = 46*f + 2*f. What is the remainder when f is divided by 38?
35
Let j be (-6)/9*(-7 - -13). Let a(v) be the third derivative of -3*v**4/8 + 5*v**3/6 - 14*v**2. What is the remainder when a(j) is divided by 16?
9
Suppose 0 = 8*f - 1184 - 2816. Let d = -26 + f. Let v = d + -295. Calculate the remainder when v is divided by 45.
44
Let c(s) = -s**2 + 11*s - 3. Let w be -1 + 0 + 150/30. What is the remainder when (94/(-7))/(w/(-14)) is divided by c(7)?
22
Suppose -5*s = -5*v + 525, -4*v = 4*s - 290 - 130. Suppose 0 = -q + b + 1, -q = -4*b + 8 - 3. Calculate the remainder when v is divided by 96/144*(0 + 9*q).
15
Let j(s) = s**2 - 10. Let b be j(3). Let w be 63 - b/(-1) - -4. Let i = w - 59. Calculate the remainder when 55 is divided by i.
6
Suppose -39 = -3*t + 2*b, 0 = 4*t - 5*b + 4*b - 47. Let s = 6 + -4. Suppose 0 = -s*h - 14 + 40. Calculate the remainder when h is divided by t.
2
Suppose 206*r - 179*r = 8694. What is the remainder when r is divided by 19?
18
Let l(f) be the third derivative of f**5/10 - f**4/4 - 19*f**3/6 + 11*f**2 - 4*f. Calculate the remainder when 116 is divided by l(-2).
14
Let c = 361 - 356. Suppose 0 = -c*u + 35 + 280. Calculate the remainder when 123 is divided by u.
60
Let b(c) = 62*c**3 - 53*c**2 + 194*c + 3. Calculate the remainder when b(4) is divided by 195.
194
Calculate the remainder when 557 is divided by (-1)/2 - (-690)/92.
4
Calculate the remainder when 676 is divided by -2 - (-6)/9*(-303)/(-2).
82
Let p = -121 + 125. Suppose -p*k = -9*k + 105. What is the remainder when 51 is divided by k?
9
Suppose 0 = 100*n - 171*n + 2982. Suppose 0 = t - 2*t + 70. Calculate the remainder when t is divided by n.
28
Suppose -z - 3*z - 348 = -4*a, 2*z = 3*a - 172. Suppose -2*v - 187 = v + w, -252 = 4*v + 4*w. Let k = v - z. Calculate the remainder when k is divided by 5.
2
Suppose -11*w - 16*w = -1863. Let l = w + -62. What is the remainder when 15 is divided by l?
1
Suppose h = 3*b + 157, -2*h = 6*b - 3*b - 359. Let i(c) = -2*c**2 + 54*c + 108. What is the remainder when h is divided by i(28)?
16
Calculate the remainder when 12/126 + 393080/420 is divided by 231.
12
Let k(m) = 2*m - 26 + m + m**2 + 4*m + 35. Let y be k(-9). Suppose -5*w + 34 = 3*n - y, -2*w - 90 = -4*n. Calculate the remainder when n is divided by 12.
10
Let g(f) = -15*f - 291. Suppose 346 = -8*t + 154. What is the remainder when g(t) is divided by 9?
6
Let h(n) = 2*n**2 - 2*n + 11. Let w = 27 + -15. Calculate the remainder when h(-6) is divided by w.
11
Calculate the remainder when 29 is divided by (798/84)/(2/4).
10
Suppose -v + 26 = 8. Let b = 935 + -935. Suppose -5*m + 10 = 5*y, -11 = -4*y - b*y - 3*m. Calculate the remainder when v is divided by y.
3
Let q(m) = -3 - 10*m - 5*m + 10. Calculate the remainder when q(-6) is divided by 5*8/(-20)*(1 + 54/(-4)).
22
Let o(a) = -53*a**3 + 2*a**2 - 3*a + 2. Let g be o(1). What is the remainder when 430 is divided by 0 + 0 - 44/11 - g?
46
Suppose -2*c + 5*f + 0*f - 8 = 0, 3*c - f - 14 = 0. Suppose 2*q + 148 = c*q. Suppose 136*b = 121*b + 300. What is the remainder when q is divided by b?
17
Let u = -16 + 4. Let d(r) = 2*r + 26. Let y be d(u). Suppose 1 = t + 3*g, 12 = y*t - 2*g + 2. What is the remainder when t is divided by 1?
0
Let r(v) = 4*v**2 - 57*v - 277. What is the remainder when r(-9) is divided by 146?
122
Let o = -19095 - -19182. What is the remainder when 1647 is divided by o?
81
Suppose 0 = -119*d + 1833 - 220 - 66. What is the remainder when 2430 is divided by d?
12
Suppose 2*t = 5*o + 129, 3*t + 5*o = t + 119. Let r = 42 - 40. Suppose -r*p - 7 = -23. What is the remainder when t is divided by p?
6
Let t = -4631 - -4658. Calculate the remainder when 5048 is divided by t.
26
Let t(k) = -2*k - 7. Let r be t(-3). What is the remainder when 0 - (3 - 6) - -61 is divided by (r + -2)*1 - -16?
12
Let q(k) = -2*k**2 - k - 13. Let l be q(-4). Let i = 73 + l. What is the remainder when 63 is divided by i?
31
Suppose 0 = -l + 53 + 3. Let h = l - 25. Let i(c) = -138*c - 672. Calculate the remainder when h is divided by i(-5).
13
Let d = 16 - 12. Suppose 8*k - d*k = 5*g - 437, -6 = 2*k. Suppose 8*t = 7*t + g. What is the remainder when t is divided by 44?
41
Let u(v) = -v**2 - 232*v - 1573. Suppose 4*x + 8 + 16 = 0. What is the remainder when 1 + (2 - x) + -2 is divided by u(-7)?
1
Let i = 2254 + -3373. Let j = -1102 - i. Calculate the remainder when ((-158)/(-4))/((-1)/(-2)) is divided by j.
11
Let f be 2 - (-6 - 112/14). Let c = 0 - -4. Suppose 0 = c*z - f, -4*b + 177 + 315 = z. What is the remainder when b is divided by 41?
40
Suppose 35*a - 336 = 14*a. Let l = 240 + 119. What is the remainder when 10/(-35) - l/(-7) is divided by a?
3
Suppose 8*c - 4*c = -3*t - 35, -3*t + 13 = -2*c. Let r(l) = -l**2 - 36*l - 204. Calculate the remainder when 818 is divided by r(c).
18
Let c(o) = -o**2 - 24*o - 33. Let m be c(-19). Suppose m + 120 = 2*n. Let g = 41 - 22. Calculate the remainder when n is divided by g.
15
Suppose -177 = -87*p + 432. Suppose -5*q - 42 = -112. Calculate the remainder when q is divided 